549945275?
9
What is the units digit of 25529737?
7
What is the ten thousands digit of 85936413?
3
What is the thousands digit of 25157392?
7
What is the hundreds digit of 3799963473?
4
What is the billions digit of 2187133099?
2
What is the millions digit of 615892513?
5
What is the hundreds digit of 35418525?
5
What is the hundreds digit of 79015322?
3
What is the units digit of 148820002?
2
What is the hundred thousands digit of 78116156?
1
What is the ten thousands digit of 238426976?
2
What is the tens digit of 12429865?
6
What is the hundred millions digit of 346404048?
3
What is the units digit of 159731594?
4
What is the hundred thousands digit of 282713119?
7
What is the ten millions digit of 801021288?
0
What is the hundred millions digit of 2984152112?
9
What is the hundreds digit of 29787231?
2
What is the hundred millions digit of 821222479?
8
What is the thousands digit of 77347912?
7
What is the units digit of 88894542?
2
What is the hundred thousands digit of 638034280?
0
What is the tens digit of 80068001?
0
What is the tens digit of 78519368?
6
What is the ten millions digit of 1344425686?
4
What is the ten thousands digit of 66587631?
8
What is the ten thousands digit of 3465378565?
7
What is the ten thousands digit of 73338625?
3
What is the ten millions digit of 359054716?
5
What is the millions digit of 938785499?
8
What is the hundred thousands digit of 1072035766?
0
What is the thousands digit of 3397163687?
3
What is the billions digit of 5323702896?
5
What is the tens digit of 115412338?
3
What is the units digit of 84096466?
6
What is the ten millions digit of 56502957?
5
What is the millions digit of 2329340270?
9
What is the units digit of 2745960840?
0
What is the tens digit of 2906065130?
3
What is the ten millions digit of 265794350?
6
What is the units digit of 2424167340?
0
What is the hundred thousands digit of 25746552?
7
What is the millions digit of 1529368985?
9
What is the ten millions digit of 122894199?
2
What is the ten thousands digit of 116393491?
9
What is the millions digit of 595302191?
5
What is the thousands digit of 372803970?
3
What is the ten thousands digit of 90795365?
9
What is the ten thousands digit of 1337543246?
4
What is the millions digit of 792838919?
2
What is the ten thousands digit of 60759673?
5
What is the tens digit of 472708228?
2
What is the hundreds digit of 48406891?
8
What is the hundred thousands digit of 7653884?
6
What is the hundred thousands digit of 45446507?
4
What is the ten thousands digit of 1956230937?
3
What is the tens digit of 10114437?
3
What is the tens digit of 159877?
7
What is the units digit of 565165155?
5
What is the hundreds digit of 56579216?
2
What is the millions digit of 2178556019?
8
What is the ten thousands digit of 43772327?
7
What is the tens digit of 111790341?
4
What is the units digit of 55038056?
6
What is the hundred thousands digit of 1598594512?
5
What is the thousands digit of 1616190154?
0
What is the millions digit of 388512475?
8
What is the hundred thousands digit of 59469515?
4
What is the hundreds digit of 74073052?
0
What is the hundred millions digit of 611814227?
6
What is the tens digit of 120123685?
8
What is the billions digit of 1035450851?
1
What is the ten millions digit of 80740759?
8
What is the units digit of 20358883?
3
What is the ten thousands digit of 456579740?
7
What is the hundred millions digit of 175599616?
1
What is the hundred millions digit of 678598200?
6
What is the units digit of 522179874?
4
What is the hundreds digit of 17133924?
9
What is the thousands digit of 301796107?
6
What is the tens digit of 1715180762?
6
What is the ten thousands digit of 68204519?
0
What is the ten thousands digit of 5121417831?
1
What is the ten thousands digit of 25145656?
4
What is the hundred millions digit of 3030216664?
0
What is the tens digit of 47765841?
4
What is the thousands digit of 397087678?
7
What is the ten millions digit of 2305076696?
0
What is the thousands digit of 44018372?
8
What is the ten millions digit of 235213379?
3
What is the hundred millions digit of 181290369?
1
What is the hundred thousands digit of 6343220605?
2
What is the hundreds digit of 50608678?
6
What is the ten millions digit of 13715242?
1
What is the hundred millions digit of 245312122?
2
What is the hundred thousands digit of 1188750440?
7
What is the thousands digit of 102121962?
1
What is the ten millions digit of 3236919140?
3
What is the hundreds digit of 535636391?
3
What is the units digit of 1636362882?
2
What is the ten millions digit of 128224736?
2
What is the hundred millions digit of 1216887199?
2
What is the units digit of 4128556113?
3
What is the thousands digit of 19398912?
8
What is the tens digit of 3481611149?
4
What is the tens digit of 3913486779?
7
What is the ten millions digit of 41886710?
4
What is the thousands digit of 49747734?
7
What is the hundred millions digit of 161432405?
1
What is the ten millions digit of 411614707?
1
What is the hundred millions digit of 551591296?
5
What is the millions digit of 780841901?
0
What is the ten thousands digit of 96315388?
1
What is the tens digit of 901125139?
3
What is the tens digit of 42196322?
2
What is the hundred millions digit of 1674550617?
6
What is the hundreds digit of 26091967?
9
What is the units digit of 63217349?
9
What is the billions digit of 1107662669?
1
What is the billions digit of 1351967653?
1
What is the hundreds digit of 329223212?
2
What is the billions digit of 1050002377?
1
What is the hundred thousands digit of 611995105?
9
What is the units digit of 93775773?
3
What is the hundred millions digit of 176995892?
1
What is the ten thousands digit of 40380483?
8
What is the units digit of 13783714?
4
What is the ten millions digit of 1439540430?
3
What is the units digit of 313644741?
1
What is the thousands digit of 1576256314?
6
What is the billions digit of 3197601867?
3
What is the hundred thousands digit of 109625603?
6
What is the thousands digit of 773733397?
3
What is the ten millions digit of 871079989?
7
What is the ten millions digit of 153188151?
5
What is the ten thousands digit of 1035790581?
9
What is the millions digit of 960433597?
0
What is the thousands digit of 1106984376?
4
What is the tens digit of 168806968?
6
What is the thousands digit of 107654610?
4
What is the hundred millions digit of 419058793?
4
What is the billions digit of 4248580731?
4
What is the millions digit of 45192438?
5
What is the thousands digit of 135092471?
2
What is the tens digit of 18679820?
2
What is the ten thousands digit of 187429158?
2
What is the ten thousands digit of 939519709?
1
What is the millions digit of 314956021?
4
What is the thousands digit of 237386261?
6
What is the hundreds digit of 261875954?
9
What is the units digit of 103094803?
3
What is the hundred millions digit of 1510242725?
5
What is the units digit of 25682626?
6
What is the hundred millions digit of 1045715429?
0
What is the ten thousands digit of 1414490813?
9
What is the units digit of 412739257?
7
What is the tens digit of 11451124?
2
What is the ten millions digit of 200497837?
0
What is the millions digit of 1814799095?
4
What is the hundred thousands digit of 647427140?
4
What is the thousands digit of 6845533154?
3
What is the hundreds digit of 233562316?
3
What is the ten millions digit of 222004921?
2
What is the hundreds digit of 1436311591?
5
What is the millions digit of 2552044847?
2
What is the millions digit of 383129935?
3
What is the thousands digit of 13825624?
5
What is the thousands digit of 64443191?
3
What is the thousands digit of 445697084?
7
What is the units digit of 1200601961?
1
What is the ten thousands digit of 2321976753?
7
What is the units digit of 121923992?
2
What is the thousands digit of 5206883463?
3
What is the hundred millions digit of 464764879?
4
What is the thousands digit of 187285496?
5
What is the hundred thousands digit of 641169003?
1
What is the tens digit of 1255978895?
9
What is the millions digit of 955189674?
5
What is the ten thousands digit of 925955955?
5
What is the millions digit of 2705194061?
5
What is the thousands digit of 22083595?
3
What is the hundred thousands digit of 44772383?
7
What